**2. Let n be c(1). Let i = n - 37. Calculate the remainder when i is divided by 6.
3
Let g = 9 - 2. Let l(q) be the second derivative of 2*q**3/3 - 2*q**2 + 2*q. What is the remainder when l(4) is divided by g?
5
Calculate the remainder when (0 + 1)*109 - -2 is divided by 28.
27
Calculate the remainder when 130/(-4)*((-96)/(-30) + -4) is divided by 10.
6
Let x(u) = u**2 - u + 4. Suppose d - 10 = -2. Let i = d - 5. Calculate the remainder when 29 is divided by x(i).
9
Suppose 8 = q + 4*v - 5, 2*q - 70 = 3*v. Suppose 0*m + 40 = 5*m. Calculate the remainder when q is divided by m.
5
Let b = 120 - 65. Calculate the remainder when b is divided by ((-114)/24)/(1/(-4)).
17
Calculate the remainder when ((-3)/2)/(6/(-8)) is divided by 1.
0
Suppose -3*z + 64 + 5 = 0. Suppose -6 = 5*c - 16. Suppose c*y - z = 79. What is the remainder when y is divided by 13?
12
Suppose 2*m + 6 = 4*m. Suppose 2*g = -m*k + 8*k - 89, -95 = -5*k + 5*g. Calculate the remainder when 67 is divided by k.
16
Let b(m) = -m**2 - m. Let d be b(-1). Suppose d*v = -4*v + 68. Suppose 5*y = 3*c + 2*c - 5, -c - 5*y + 31 = 0. Calculate the remainder when v is divided by c.
5
Let s = -184 - -211. What is the remainder when 133 is divided by s?
25
Let z = 25 + 3. What is the remainder when 79 is divided by z?
23
Let z(f) = -f**2 + 8*f + 4. Let g be ((-2)/(-5))/((-2)/(-10)). Let n be ((-7)/g*-2)/1. Calculate the remainder when 20 is divided by z(n).
9
Suppose -4*t = -52 + 12. Calculate the remainder when t is divided by 7.
3
Calculate the remainder when 76 is divided by ((-2)/6)/(-1*4/312).
24
Let z(g) = -1. Let j(d) = d**2 + 11*d - 2. Let u(t) = j(t) - 2*z(t). What is the remainder when (-70)/(-3) - (-2)/(-6) is divided by u(-12)?
11
Let b(o) = o**2 + 4*o + 4. Let i be b(-3). Let p(l) = -3*l - 1. What is the remainder when i*2 - (-2 - 5) is divided by p(-2)?
4
Let c(a) = -a**2 + a + 1. Let m(d) = 7*d**2 + 7*d - 28. Let s(r) = 6*c(r) + m(r). What is the remainder when 15 is divided by s(-15)?
7
Let i = -295 + 495. Let j = i + -137. What is the remainder when j is divided by 22?
19
Let l = -55 - -121. Suppose 2*w + 58 = -4*j, 4*j = 3*w + 3*j + l. Let y = 33 + w. Calculate the remainder when 29 is divided by y.
9
Let p = -3 - -2. Let u be (12/(-10))/(p/5). Suppose i = 2*i - u. What is the remainder when 15 is divided by i?
3
Suppose 54*b - 49*b = 85. Calculate the remainder when b is divided by ((-2)/(-4) + -1)*-18.
8
What is the remainder when 48 is divided by 6 + -4 + 4 + 1?
6
Let u(t) = t**3 + 34*t**2 + 34*t + 60. Calculate the remainder when u(-33) is divided by 6.
3
Let w(b) = b - 1. Let j be w(4). Let x = 4 - j. Calculate the remainder when 2 - (-3 + x - 19) is divided by 12.
11
Let w(j) = 14*j**2 - j + 1. Suppose -2*d = d - 3. Let f be w(d). Let h = -4 + f. What is the remainder when 38 is divided by h?
8
Suppose -3*w + 108 = 6. What is the remainder when w is divided by 38/4 + (-1)/2?
7
Let r(d) = -d**3 - d**2 + d - 1. Let v(i) = 7*i**3 - 11*i - 1. Let o(b) = -6*r(b) - v(b). Calculate the remainder when o(5) is divided by 15.
12
Let i(v) be the first derivative of 2*v**3/3 + 4*v**2 + 6*v + 2. What is the remainder when 61 is divided by i(-5)?
13
Suppose -2*s - 4*p = -4*s - 98, -2*s = -3*p + 100. Let h = s + 95. Calculate the remainder when h is divided by 15.
12
Suppose 0 = a + 2*a + 3*q - 180, 0 = 5*a + 3*q - 292. Let k = 25 + -6. What is the remainder when a is divided by k?
18
Let c be (-79)/9 + 6/(-27). Let w = -22 + 34. What is the remainder when (-6)/(-27) - 304/c is divided by w?
10
Let h = 14 - -6. Calculate the remainder when 98 is divided by h.
18
Let n(j) = -9*j + 7. What is the remainder when n(-7) is divided by 18?
16
Suppose -3*c + 0*c - 21 = 0. Let k = c + 12. Suppose 4*w + 20 + 15 = l, -k*l + w = -118. What is the remainder when l is divided by 12?
11
Let v be (-6)/24 - 21/(-4). Suppose -2*a - 3 = v*f, 0*a + 3*f = 2*a - 37. What is the remainder when 32 is divided by a?
10
What is the remainder when 79 is divided by 1/6 + 375/18?
16
Suppose 3*w - 20 = -q, -5*q - 1 = -5*w + 19. Let z(j) = j**2 + 1. Let r be z(1). What is the remainder when r/(-3) + 32/3 is divided by w?
4
Let g(c) = -3*c. Let v be g(-3). Let o = v + 10. What is the remainder when o is divided by 5?
4
Suppose 3*u + 2*u - 70 = 0. What is the remainder when ((-60)/4)/(6/(-16)) is divided by u?
12
Suppose -2*r - 5*b + 37 = -5*r, -5*b = 2*r - 17. Calculate the remainder when 38 is divided by r/8*6 - -23.
18
Suppose 0*r + 3*r + 21 = 3*p, -3*p - r = -17. Let v = 29 + -18. What is the remainder when v is divided by p?
5
Suppose 0 = k - 4. Calculate the remainder when k is divided by 3.
1
Suppose 0*a + a - 2 = 0. Suppose a*z = -z - 6. Calculate the remainder when 19 + 2 + z/2 is divided by 7.
6
Let x(z) = -3*z - 4. Calculate the remainder when ((-4 - -32) + 3 + 0)/1 is divided by x(-5).
9
Let b = -17 - -23. What is the remainder when b is divided by 3?
0
Let n(q) = 38*q**2 + 1. Calculate the remainder when n(1) is divided by 10.
9
Let c be (-33)/1*(-3)/(-9). Let o(k) = -k + 15. Let h(t) = t**2 + 5*t + 8. Calculate the remainder when o(c) is divided by h(-6).
12
Suppose -5*r + 3*w = -32, -36 = r - 6*r + 4*w. Suppose 0 = -t + a + 8, -4*t - 5*a = t - 20. Calculate the remainder when t is divided by r.
2
Let m(r) = r + 7. Let z be m(-5). Suppose -g - 2*g + n = -50, g - z*n - 15 = 0. Calculate the remainder when g is divided by 9.
8
Let i be 393/(-2)*(-8)/12. Let h = -93 + i. Calculate the remainder when h is divided by 10.
8
Let k(d) = d**3 - 10*d**2 + d - 6. Let v be 2 + (-5)/((-5)/8). Calculate the remainder when 11 is divided by k(v).
3
Suppose -2*r + 18 = -3*f, -4*r + 0*r + 52 = -2*f. What is the remainder when r is divided by 8?
7
Suppose 2 = -2*o + 38. Let u(f) = -f**2 + 5*f + 4. Let b be u(4). Suppose b*s = 4*s + 40. What is the remainder when o is divided by s?
8
Let n(l) = l**2 - 1. Let d be n(0). Let r be (0 - d)*(-9)/1. What is the remainder when 4 is divided by (r/(-6) + -1)*6?
1
Suppose -240 = -3*h + 69. What is the remainder when h is divided by 26?
25
Suppose -4 = -t, 3*d - 2*t + 41 = -3*t. Calculate the remainder when 59 is divided by d/6*2*-3.
14
Let r be -1 + (2 + 0 - 39). Let x = -26 - r. Calculate the remainder when 22 is divided by x.
10
Suppose -5*o = -0*o - 160. Calculate the remainder when o is divided by 7.
4
Suppose -4*l = 4*k - 21 - 187, k = -2*l + 100. Suppose 2*g + l = 4*j, 0*j + 5*j = -5*g - 120. Let m = 1 - g. Calculate the remainder when m is divided by 7.
4
Let w(l) = -24*l**3 + l**2 + l. Let m be w(-1). Suppose 2*h + 0*h = m. What is the remainder when 2/8 - 278/(-8) is divided by h?
11
Suppose -112 = -q + 4*k, 5*k - 302 = -2*q - q. Suppose q = -j + 5*j. Calculate the remainder when j is divided by 9.
8
Let k(a) = a**3 + 6*a**2 - 3*a - 7. Let v be k(-7). What is the remainder when 21 is divided by (-108)/(-10) + (-7)/v?
10
Suppose -2*k - 135 = 3*k. Let s = k + 38. Let j = -33 + 53. Calculate the remainder when j is divided by s.
9
Let d(y) = -2*y + 21. What is the remainder when 6 is divided by d(9)?
0
Suppose 0 = 3*h + 3*w, -3*h + 2*h = -5*w - 30. Suppose -3*r = -16 - 2. Suppose 3*j = -0 + r. What is the remainder when h is divided by j?
1
Let a(w) = -26*w + 1. Suppose 5*l - 2*b - 131 = 0, 0 = -5*l - 0*b + b + 133. What is the remainder when a(-4) is divided by l?
24
Let j be 2/12*-22*-3. Let n(a) = a**2 - 10*a - 7. What is the remainder when 5 is divided by n(j)?
1
Suppose 0 = 5*o - 2*o - 144. Let c = o + -4. Calculate the remainder when c is divided by 15.
14
What is the remainder when -4 + (-3)/(9/(-93)) is divided by 10?
7
Suppose -5*t + 184 = -0*t - i, 1 = i. What is the remainder when t is divided by 10?
7
Let g = 1 + 2. Suppose 3*x + 5*u - 29 = 0, -44 = -4*x - g*u - u. Suppose -x = -i + 12. What is the remainder when 73 is divided by i?
23
Let o = -125 - -176. Suppose 0 = 2*z - 5*z + o. Calculate the remainder when 31 is divided by z.
14
Let f = 24 + -18. What is the remainder when 8 is divided by f?
2
Let i = -121 - -126. Calculate the remainder when 18 is divided by i.
3
Suppose 34*z - 12 = 30*z. What is the remainder when 13 is divided by z?
1
Suppose -2*d = -2*w - 5*d - 28, -4*w - d - 36 = 0. Let p = -4 - w. What is the remainder when -1 - (-14 - (-3 - -5)) is divid